l**2 - 31*l + 69. Calculate the remainder when b(0) is divided by x.
13
Suppose -4*o + 2*j + 20 = 0, -194*o - 2*j - 5 = -195*o. What is the remainder when 22 is divided by o?
2
Suppose -b - 33 = -t, b + b = 4*t - 124. Calculate the remainder when 109 is divided by t.
22
Let q = 1299 - 1250. What is the remainder when q is divided by 13?
10
Suppose 144 = -6*a + 9*a. Suppose -a = o - 9*o. What is the remainder when 21 is divided by o?
3
Suppose -33*k + 166 = 34. Calculate the remainder when 33 is divided by k.
1
Let l(c) = c**2 + 8*c - 374. What is the remainder when 177 is divided by l(16)?
7
Let j(k) = 2*k**2 + 3*k + 3. Let t be (2 - -8)*6/15. Suppose 0*c - 121 = -5*c - o, -5*c - 5*o = -125. Calculate the remainder when j(t) is divided by c.
23
Let h(x) = -x**2 - x. Let m(u) = -3*u + 3. Let r(a) = 2*h(a) + m(a). Let t be r(-3). Suppose g - 6 = -t*g. Calculate the remainder when 9 is divided by g.
3
Let f(b) = -b + 62. Suppose 5*m = -3*k - 0*m + 36, -5*k + 2*m = -29. Calculate the remainder when f(k) is divided by 12.
7
Suppose -2*r = -3*r + 22. Suppose 0 = -9*i + 245 + 160. Let k = i - r. Calculate the remainder when k is divided by 12.
11
Suppose -b - 284 = 54*d - 57*d, -d = -4*b - 91. What is the remainder when 1422 is divided by d?
92
Suppose -2*k + 385 = 5*v, -6*k - 5*v = -7*k + 185. Calculate the remainder when k is divided by 3.
1
Let a(o) be the third derivative of 13/6*o**3 + 1/24*o**4 + 0 - 2*o**2 + 0*o. Calculate the remainder when a(-6) is divided by 5.
2
Let f = 220 + -196. What is the remainder when f is divided by 9?
6
Suppose 5*d + 852 = 3*a + 1273, a - 97 = -d. Suppose 23 = -0*k + k. Calculate the remainder when d is divided by k.
20
Let d be (1 + 0)/((-4)/(-16)). Suppose 5*r + 6 - 56 = -d*i, -4*i + 44 = 2*r. Suppose -10 - i = -4*f. Calculate the remainder when 7 is divided by f.
2
Let p = 1 - 1. Suppose -b - 5*u + 47 = 0, p = -b + u + 2*u + 15. Calculate the remainder when 105 is divided by b.
24
Let s(n) = 6*n - 79. What is the remainder when 84 is divided by s(16)?
16
Let a = -193 - -217. Calculate the remainder when 44 is divided by a.
20
Let k = -69 + 141. Suppose 2*c + 94 = -8. Let j = c + k. Calculate the remainder when j is divided by 11.
10
Let v(l) = l**3 - 10*l**2 + 7*l + 5. Let k be v(9). Let z(a) = -6*a - 30. Calculate the remainder when z(k) is divided by 17.
14
Let b(c) = -c**3 - 11*c**2 - 33*c - 42. Calculate the remainder when 599 is divided by b(-8).
29
Let v = 3 - -1. Let h be (1 + -27)/(v/4). Let l = h - -35. What is the remainder when 23 is divided by l?
5
Let m(h) = -117*h - 376. What is the remainder when m(-5) is divided by 102?
5
Suppose 5*q = -4*m + 252, -q = -3*q + 5*m + 114. Let o(f) = 5*f - 6*f + f**2 + 3*f + 3*f - 9. Calculate the remainder when q is divided by o(-9).
25
Suppose 111 + 249 = 40*m. What is the remainder when m is divided by 2?
1
Suppose -10*f + 7*f = 0. Suppose 4*l + f*l = 56. Suppose 119 - 11 = 4*t. What is the remainder when t is divided by l?
13
Let q(d) = d**2 + 9*d + 36. Calculate the remainder when 287 is divided by q(-3).
17
Let u(f) = -f - 4. Let g be u(-4). Let x be -3*(-32)/(-24) + 6. Suppose -x*o + 70 = -g*o. What is the remainder when o is divided by 18?
17
Suppose 35 = -2*q + 127. Let w = q + -39. What is the remainder when 20 is divided by w?
6
Suppose 0 = 5*g - 14*g + 144. Suppose -o + 5*o = 3*l + 81, -2*l - 19 = -o. Let d = 66 - o. Calculate the remainder when d is divided by g.
13
Suppose 0 = 3*p - 3. What is the remainder when 9/((p/(-6))/(-1)) is divided by 0 + 11 - 1 - -1?
10
Let o(g) = -21*g**3 - 3*g**2 - 5*g - 2. Let w be o(-1). Suppose -2*c = -5 - w. What is the remainder when 36 is divided by c?
10
Suppose -5*o + i = 250, -i - 44 = -2*o - 141. Let f = -5 - o. Let j = f - 23. What is the remainder when 113 is divided by j?
21
Suppose 2*j = 4*j - 60. Suppose 0*r + 5*b = 5*r - 35, -3*b = -4*r + j. Calculate the remainder when 2/(-10) - (-352)/10 is divided by r.
8
Suppose 0 = -8*s + 7*s + 99. Suppose -7*w + 10*w = s. What is the remainder when w is divided by 4?
1
Suppose 4*t = -4*a + 772, 4*t + 354 = 5*a - 593. What is the remainder when a is divided by 32?
31
Let u(l) = -l**3 + 38*l**2 + 124*l - 24. Suppose 62 = -3*h + 5*h. What is the remainder when h is divided by u(41)?
14
Suppose -y + 4*v = 25, -v - 2 + 7 = 0. Let q(u) = u**2 + 5*u + 6. Let p be q(y). Suppose -7 - p = -x. Calculate the remainder when 51 is divided by x.
12
What is the remainder when 46*1 + (-10 - -7) is divided by -2*(-85)/(-20)*(-3 - -1)?
9
Let s(q) = -7*q + 1. Let j(g) = g**2 - 2*g - 42. Let z be j(10). What is the remainder when s(-3) is divided by 2/(-6) - (-5)/30*z?
4
Suppose 17 = -3*q + 65. Suppose -3*g - 2 = -8. Suppose -2*h = 4*n - 236, 5*n + g*h + 3*h = 285. What is the remainder when n is divided by q?
13
Suppose -10 = -3*y - 2*y. Let f(a) = a**2 + 2*a. Let v be f(y). Calculate the remainder when (-3)/(-12) - (-334)/v is divided by 11.
9
Suppose 101*w + 21 = 108*w. Suppose -2*b - 104 = -4*z, 77 = 2*z + 4*b + 15. Calculate the remainder when z is divided by w.
0
Let a = 161 + -113. What is the remainder when a is divided by 10?
8
Let y = 37 - 12. What is the remainder when (-1)/(-5) + 470/y is divided by (1*(-66)/12)/((-4)/8)?
8
Suppose -13*u + 153 + 458 = 0. Calculate the remainder when 275 is divided by u.
40
Let s be (-1)/4 - (-6970)/8. Suppose 15*o - s = -166. Calculate the remainder when o is divided by 10.
7
Let c(x) = -8*x - 13. Let f be c(-10). Let z = -45 + f. What is the remainder when z is divided by 6?
4
Suppose -1306*r + 177 = -1303*r. Calculate the remainder when r is divided by 17.
8
Let i = -105 + 127. Calculate the remainder when 86 is divided by i.
20
What is the remainder when ((-8)/(-5 - 19))/(1/759) is divided by 32?
29
Let h(b) = -b**3 + 4*b**2 + 11*b + 8. Let d be h(6). Suppose 6 = d*v - 6. Calculate the remainder when ((-27)/(-12))/(2/8) is divided by v.
3
Let o = 2539 - 2439. What is the remainder when 298 is divided by o?
98
Let g(s) = -s**3 - 10*s**2 - s + 2. Let n be g(-10). Let d = -14 + n. What is the remainder when (-1)/d - (-9)/2 is divided by 4?
1
Let u(q) be the third derivative of -q**4/24 - 17*q**3/6 - 19*q**2. Calculate the remainder when 14 is divided by u(-18).
0
Suppose 5*p = 3*p + 16. Let c be ((-22)/p)/((-7)/112). Let k = -37 + c. Calculate the remainder when 11 is divided by k.
4
Suppose -9090 = -21*w - 9*w. Calculate the remainder when w is divided by 147.
9
Calculate the remainder when (-4803)/(-24) - (-2)/(-16) is divided by 7.
4
Suppose 2*q - q = -21. Let y = q - -24. What is the remainder when 2 is divided by (-3 - -2)/(y/(-6))?
0
Suppose -5*w - 8 + 108 = 4*o, -3*w + o + 43 = 0. What is the remainder when (6 + 0 + -121)*(-2)/5 is divided by w?
14
Suppose -5*j - 77 = 4*k, -5*j = 5*k - 0*j + 95. Calculate the remainder when (k/(-45))/((-2)/(-120)) is divided by 5*2*(-1)/(-2).
4
Let o = 583 + -226. Calculate the remainder when o is divided by 19.
15
Suppose 0 = s + s - 156. Let g = -5837 - -5877. What is the remainder when s is divided by g?
38
Suppose c + 8 = -3*c. Let d(g) = -4*g**2 + g + 4. Let v(z) = 11*z**2 - 4*z - 13. Let i(a) = 8*d(a) + 3*v(a). What is the remainder when 12 is divided by i(c)?
2
Calculate the remainder when 1/(-2)*(-860)/5 is divided by 10.
6
Let k(j) = 252*j - 3 - 7 - 257*j. Calculate the remainder when k(-6) is divided by 4.
0
Calculate the remainder when 591 is divided by ((-18)/15)/(7/105*-2).
6
Suppose 0*b = -b + 5. Suppose -4*r = 2*t - 14, 4*r - 2 + 13 = 3*t. What is the remainder when t is divided by b?
0
Let w = 102 + -103. Calculate the remainder when 172 is divided by (w/(2/(-2)))/((-33)/(-957)).
27
Calculate the remainder when 38/(-133) - (1 + (-4764)/14) is divided by 68.
67
Calculate the remainder when 47 is divided by (8/(-20))/(726/(-360) - -2).
23
Suppose -4*u - 6 = -2, s - 5*u = 92. Calculate the remainder when 322 is divided by s.
61
Let s = -580 + 588. Let w = 76 + -39. Calculate the remainder when w is divided by s.
5
Let s = -42 - -59. What is the remainder when s is divided by (-2*10/(-8))/(2/4)?
2
Suppose 4*g - 36 = -2*x, g = -141*x + 136*x + 90. What is the remainder when 357 is divided by x?
15
Suppose 5*x - 14 = a + 55, 2*x - 2 = 0. Let b = 94 + a. Calculate the remainder when 86 is 